{"id":2222,"date":"2022-01-08T23:42:17","date_gmt":"2022-01-09T04:42:17","guid":{"rendered":"http:\/\/www.cenesamperu.pe\/formacion-academica\/?page_id=2222"},"modified":"2022-01-09T00:07:46","modified_gmt":"2022-01-09T05:07:46","slug":"oportunidades","status":"publish","type":"page","link":"http:\/\/www.cenesamperu.pe\/formacion-academica\/oportunidades\/","title":{"rendered":"Elementor #2222"},"content":{"rendered":"\t\t<div data-elementor-type=\"wp-page\" data-elementor-id=\"2222\" class=\"elementor elementor-2222\">\n\t\t\t\t\t\t<section class=\"elementor-section elementor-top-section elementor-element elementor-element-1d02154 elementor-section-boxed elementor-section-height-default elementor-section-height-default\" data-id=\"1d02154\" data-element_type=\"section\">\n\t\t\t\t\t\t<div class=\"elementor-container elementor-column-gap-default\">\n\t\t\t\t\t<div class=\"elementor-column elementor-col-50 elementor-top-column elementor-element elementor-element-11dd680\" data-id=\"11dd680\" data-element_type=\"column\">\n\t\t\t<div class=\"elementor-widget-wrap elementor-element-populated\">\n\t\t\t\t\t\t<div class=\"elementor-element elementor-element-ddbf98d elementor-widget elementor-widget-heading\" data-id=\"ddbf98d\" data-element_type=\"widget\" data-widget_type=\"heading.default\">\n\t\t\t\t<div class=\"elementor-widget-container\">\n\t\t\t\t\t<h2 class=\"elementor-heading-title elementor-size-default\"><h1 class=\"title\" style=\"font-family: Roboto-Light, sans-serif;padding: 0px 0px 13px;margin: 35px auto 49px;font-size: 27px;width: 700px;letter-spacing: 0.4em;text-align: center\">TRABAJA CON NOSOTROS<\/h1><\/h2>\t\t\t\t<\/div>\n\t\t\t\t<\/div>\n\t\t\t\t<div class=\"elementor-element elementor-element-7903709 elementor-widget elementor-widget-text-editor\" data-id=\"7903709\" data-element_type=\"widget\" data-widget_type=\"text-editor.default\">\n\t\t\t\t<div class=\"elementor-widget-container\">\n\t\t\t\t\t\t\t\t\t<h5><span style=\"color: #575757; font-family: Arial, Helvetica, sans-serif; font-size: 13px; text-align: justify;\">Si te interesa conocer y aplicar tus conocimientos en el sector ambiental e industrial, te invitamos a que te unas a nuestra familia.\u00a0 \u00a0 \u00a0 \u00a0 \u00a0 \u00a0 \u00a0 \u00a0 \u00a0 \u00a0 \u00a0 \u00a0 \u00a0 \u00a0 \u00a0 \u00a0 \u00a0 \u00a0 \u00a0 \u00a0 \u00a0 \u00a0 \u00a0 <\/span><\/h5><h5><span style=\"color: #575757; font-family: Arial, Helvetica, sans-serif; font-size: 13px; text-align: justify;\">\u00a0<\/span><span style=\"color: #575757; font-family: Arial, Helvetica, sans-serif; font-size: 13px; text-align: justify;\">Env\u00edanos tu CV a :<i>\u00a0<\/i><\/span><\/h5>\t\t\t\t\t\t\t\t<\/div>\n\t\t\t\t<\/div>\n\t\t\t\t<div class=\"elementor-element elementor-element-992b0cc elementor-align-center elementor-widget elementor-widget-button\" data-id=\"992b0cc\" data-element_type=\"widget\" data-widget_type=\"button.default\">\n\t\t\t\t<div class=\"elementor-widget-container\">\n\t\t\t\t\t\t\t\t\t<div class=\"elementor-button-wrapper\">\n\t\t\t\t\t<a class=\"elementor-button elementor-button-link elementor-size-sm\" href=\"#\">\n\t\t\t\t\t\t<span class=\"elementor-button-content-wrapper\">\n\t\t\t\t\t\t\t\t\t<span class=\"elementor-button-text\">rrhh@cenesamperu.pe<\/span>\n\t\t\t\t\t<\/span>\n\t\t\t\t\t<\/a>\n\t\t\t\t<\/div>\n\t\t\t\t\t\t\t\t<\/div>\n\t\t\t\t<\/div>\n\t\t\t\t<div class=\"elementor-element elementor-element-21dd7bf elementor-widget elementor-widget-text-editor\" data-id=\"21dd7bf\" data-element_type=\"widget\" data-widget_type=\"text-editor.default\">\n\t\t\t\t<div class=\"elementor-widget-container\">\n\t\t\t\t\t\t\t\t\t<p><span style=\"color: #575757; font-family: Arial, Helvetica, sans-serif; font-size: 13px; text-align: justify;\"><b>y cu\u00e9ntanos por qu\u00e9 te gustar\u00eda trabajar con nosotros.&nbsp;<\/b><\/span><\/p>\t\t\t\t\t\t\t\t<\/div>\n\t\t\t\t<\/div>\n\t\t\t\t\t<\/div>\n\t\t<\/div>\n\t\t\t\t<div class=\"elementor-column elementor-col-50 elementor-top-column elementor-element elementor-element-f5b7edf\" data-id=\"f5b7edf\" data-element_type=\"column\">\n\t\t\t<div class=\"elementor-widget-wrap elementor-element-populated\">\n\t\t\t\t\t\t<div class=\"elementor-element elementor-element-26aeb58 elementor-widget elementor-widget-image\" data-id=\"26aeb58\" data-element_type=\"widget\" data-widget_type=\"image.default\">\n\t\t\t\t<div class=\"elementor-widget-container\">\n\t\t\t\t\t\t\t\t\t\t\t\t\t\t\t<img fetchpriority=\"high\" decoding=\"async\" width=\"500\" height=\"375\" src=\"http:\/\/www.cenesamperu.pe\/formacion-academica\/wp-content\/uploads\/2020\/10\/1-SEGURIDAD.jpg\" class=\"attachment-large size-large wp-image-533\" alt=\"SEGURIDAD_SALUD_OCUPACIONAL\" srcset=\"http:\/\/www.cenesamperu.pe\/formacion-academica\/wp-content\/uploads\/2020\/10\/1-SEGURIDAD.jpg 500w, http:\/\/www.cenesamperu.pe\/formacion-academica\/wp-content\/uploads\/2020\/10\/1-SEGURIDAD-300x225.jpg 300w\" sizes=\"(max-width: 500px) 100vw, 500px\" \/>\t\t\t\t\t\t\t\t\t\t\t\t\t\t\t<\/div>\n\t\t\t\t<\/div>\n\t\t\t\t\t<\/div>\n\t\t<\/div>\n\t\t\t\t\t<\/div>\n\t\t<\/section>\n\t\t\t\t<section class=\"elementor-section elementor-top-section elementor-element elementor-element-3e17063 elementor-section-boxed elementor-section-height-default elementor-section-height-default\" data-id=\"3e17063\" data-element_type=\"section\">\n\t\t\t\t\t\t<div class=\"elementor-container elementor-column-gap-default\">\n\t\t\t\t\t<div class=\"elementor-column elementor-col-100 elementor-top-column elementor-element elementor-element-59f4323\" data-id=\"59f4323\" data-element_type=\"column\">\n\t\t\t<div class=\"elementor-widget-wrap elementor-element-populated\">\n\t\t\t\t\t\t\t<\/div>\n\t\t<\/div>\n\t\t\t\t\t<\/div>\n\t\t<\/section>\n\t\t\t\t<\/div>\n\t\t","protected":false},"excerpt":{"rendered":"<p>TRABAJA CON NOSOTROS Si te interesa conocer y aplicar tus conocimientos en el sector ambiental e industrial, te invitamos a que te unas a nuestra familia.\u00a0 \u00a0 \u00a0 \u00a0 \u00a0 \u00a0 \u00a0 \u00a0 \u00a0 \u00a0 \u00a0 \u00a0 \u00a0 \u00a0 \u00a0 \u00a0 \u00a0 \u00a0 \u00a0 \u00a0 \u00a0 \u00a0 \u00a0 \u00a0Env\u00edanos tu CV a :\u00a0 rrhh@cenesamperu.pe y [&#8230;]\n","protected":false},"author":1,"featured_media":0,"parent":0,"menu_order":0,"comment_status":"closed","ping_status":"closed","template":"","meta":{"footnotes":""},"class_list":["post-2222","page","type-page","status-publish","hentry"],"_links":{"self":[{"href":"http:\/\/www.cenesamperu.pe\/formacion-academica\/wp-json\/wp\/v2\/pages\/2222","targetHints":{"allow":["GET"]}}],"collection":[{"href":"http:\/\/www.cenesamperu.pe\/formacion-academica\/wp-json\/wp\/v2\/pages"}],"about":[{"href":"http:\/\/www.cenesamperu.pe\/formacion-academica\/wp-json\/wp\/v2\/types\/page"}],"author":[{"embeddable":true,"href":"http:\/\/www.cenesamperu.pe\/formacion-academica\/wp-json\/wp\/v2\/users\/1"}],"replies":[{"embeddable":true,"href":"http:\/\/www.cenesamperu.pe\/formacion-academica\/wp-json\/wp\/v2\/comments?post=2222"}],"version-history":[{"count":18,"href":"http:\/\/www.cenesamperu.pe\/formacion-academica\/wp-json\/wp\/v2\/pages\/2222\/revisions"}],"predecessor-version":[{"id":2242,"href":"http:\/\/www.cenesamperu.pe\/formacion-academica\/wp-json\/wp\/v2\/pages\/2222\/revisions\/2242"}],"wp:attachment":[{"href":"http:\/\/www.cenesamperu.pe\/formacion-academica\/wp-json\/wp\/v2\/media?parent=2222"}],"curies":[{"name":"wp","href":"https:\/\/api.w.org\/{rel}","templated":true}]}}