{"id":594,"date":"2020-10-21T12:47:42","date_gmt":"2020-10-21T17:47:42","guid":{"rendered":"https:\/\/techness.pe\/cenesam\/?page_id=594"},"modified":"2021-02-12T23:49:48","modified_gmt":"2021-02-13T04:49:48","slug":"supervision-en-medio-ambiente","status":"publish","type":"page","link":"https:\/\/www.cenesamperu.pe\/formacion-academica\/supervision-en-medio-ambiente\/","title":{"rendered":"SUPERVISI\u00d3N EN MEDIO AMBIENTE"},"content":{"rendered":"\n<div class=\"slider-wrapper relative\" id=\"slider-535962565\" >\n    <div class=\"slider slider-nav-circle slider-nav-large slider-nav-light slider-style-normal\"\n        data-flickity-options='{\n            \"cellAlign\": \"center\",\n            \"imagesLoaded\": true,\n            \"lazyLoad\": 1,\n            \"freeScroll\": false,\n            \"wrapAround\": false,\n            \"autoPlay\": false,\n            \"pauseAutoPlayOnHover\" : false,\n            \"prevNextButtons\": false,\n            \"contain\" : true,\n            \"adaptiveHeight\" : true,\n            \"dragThreshold\" : 10,\n            \"percentPosition\": true,\n            \"pageDots\": false,\n            \"rightToLeft\": false,\n            \"draggable\": false,\n            \"selectedAttraction\": 0.1,\n            \"parallax\" : 0,\n            \"friction\": 0.6        }'\n        >\n        \n\n\n  <div class=\"banner has-hover\" id=\"banner-164011391\">\n          <div class=\"banner-inner fill\">\n        <div class=\"banner-bg fill\" >\n            <div class=\"bg fill bg-fill bg-loaded\"><\/div>\n                                    \n                    <\/div>\n        <div class=\"banner-layers container\">\n            <div class=\"fill banner-link\"><\/div>            \n\n   <div id=\"text-box-1782921025\" class=\"text-box banner-layer x50 md-x50 lg-x50 y50 md-y50 lg-y50 res-text\">\n                     <div data-animate=\"fadeInDown\">           <div class=\"text dark\">\n              \n              <div class=\"text-inner text-center\">\n                  \n\n<h2>Supervisi\u00f3n en Medio Ambiente<\/h2>\n\n              <\/div>\n           <\/div>\n       <\/div>                     \n<style>\n#text-box-1782921025 {\n  width: 70%;\n}\n#text-box-1782921025 .text {\n  font-size: 100%;\n}\n<\/style>\n    <\/div>\n \n\n        <\/div>\n      <\/div>\n\n            \n<style>\n#banner-164011391 {\n  padding-top: 300px;\n}\n#banner-164011391 .bg.bg-loaded {\n  background-image: url(https:\/\/www.cenesamperu.pe\/formacion-academica\/wp-content\/uploads\/2020\/12\/Supervision-en-medio-ambiente-1024x213.jpg);\n}\n<\/style>\n  <\/div>\n\n\n\n     <\/div>\n\n     <div class=\"loading-spin dark large centered\"><\/div>\n\n     <\/div>\n\n\n\t<section class=\"section\" id=\"section_846699774\">\n\t\t<div class=\"bg section-bg fill bg-fill bg-loaded bg-loaded\" >\n\n\t\t\t\n\t\t\t\n\t\t\t\n\n\t\t<\/div>\n\n\t\t<div class=\"section-content relative\">\n\t\t\t\n\n<div class=\"row row-large row-divided\"  id=\"row-1750870192\">\n\n\n\t<div id=\"col-2124485056\" class=\"col medium-8 small-12 large-8\"  >\n\t\t<div class=\"col-inner\"  >\n\t\t\t\n\t\t\t\n\n<h4 class=\"uppercase\">SUPERVISI\u00d3N EN MEDIO AMBIENTE<\/h4>\n\n\t\t<div class=\"tabbed-content\">\n\t\t\t\n\t\t\t<ul class=\"nav nav-tabs nav-normal nav-size-large nav-left\"><li class=\"tab active has-icon\"><a href=\"#tab_presentaci\u00f3n\"><span>Presentaci\u00f3n<\/span><\/a><\/li>\n<li class=\"tab has-icon\"><a href=\"#tab_caracter\u00edsticas\"><span>Caracter\u00edsticas<\/span><\/a><\/li>\n<li class=\"tab has-icon\"><a href=\"#tab_temario\"><span>Temario<\/span><\/a><\/li><\/ul><div class=\"tab-panels\"><div class=\"panel active entry-content\" id=\"tab_presentaci\u00f3n\">\n\n<p>Este diplomado est\u00e1 enfocado en desarrollar s\u00f3lidos conocimientos a todos nuestros estudiantes sobre el seguimiento y verificaci\u00f3n del cumplimiento de las obligaciones ambientales con la finalidad de prevenir da\u00f1os en el ambiente. Adem\u00e1s, culminaran con la capacidad de desarrollarse en el campo con las diversas herramientas expuesta durante todas las sesiones. \u00a1Ent\u00e9rate de m\u00e1s aqu\u00ed!<\/p>\n\n<\/div>\n<div class=\"panel entry-content\" id=\"tab_caracter\u00edsticas\">\n\n<p>Dirigido a: <\/p>\n<p>Estudiantes, profesionales y p\u00fablico en general que tengan relaci\u00f3n con carreras o \u00e1reas ambientales<\/p>\n<p><b>Duraci\u00f3n:<\/b> 5 meses<\/p>\n<p><b>Cr\u00e9ditos:<\/b> 384 horas acad\u00e9micas<\/p>\n\n<\/div>\n<div class=\"panel entry-content\" id=\"tab_temario\">\n\n<h4>M\u00f3dulos:<\/h4>\n<ol>\n<li>INTERPRETACI\u00d3N E IMPLEMENTACION DE LEY GENERAL DEL AMBIENTE \u00abLEY 28611\u00bb, ESTANDARES DE CALIDAD AMBIENTAL Y LIMITES MAXIMOS PERMISIBLES SECTORIALES\n<li>DERECHO Y POLITICA AMBIENTAL\n<li>INSTRUMENTOS DE GESTION AMBIENTAL\n<li>EVALUACI\u00d3N E INTERPRETACI\u00d3N DE PLAN DE MANEJO AMBIENTAL\n<li>ANALISIS DE RIESGOS AMBIENTALES\n<li>HIDROGEOLOGIA APLICADA\n<li>TRATAMIENTO DE AGUAS RESIDUALES\n<li>MONITOREO DE LA CALIDAD AMBIENTALDEL AGUA\n<li>MODELAMIENTO AMBIENTAL DEL AGUA\n<li>TAREA 1\n<li>MONITOREO DE LA CALIDAD AMBIENTAL DEL SUELO\n<li>TRATAMIENTO DE SUELOS CONTAMINADOS\n<li>MONITOREO DE LA CALIDAD AMBIENTAL DEL AIRE\n<li>MODELAMIENTO AMBIENTAL DE DISPERSION DE CONTAMINANTES ATMOSFERICOS.\n<li>ECONOM\u00cdA CIRCULAR Y GESTI\u00d3N INTEGRAL DE RESIDUOS SOLIDOS\n<li>ENERGIAS RENOVABLES\n<li>SUPERVISI\u00d3N Y FISCALIZACI\u00d3N AMBIENTAL POR EL OEFA Y ANA\n<li>INTERPRETACI\u00d3N, IMPLEMENTACI\u00d3N DEL SISTEMA DE GESTI\u00d3N AMBIENTAL ISO 14001: 2015\n<li>AUDITORIA AMBIENTAL\n<li>TAREA 2\n<\/ol>\n\n<\/div><\/div><\/div>\n\n\t\t<\/div>\n\t\t\t<\/div>\n\n\t\n\n\t<div id=\"col-1363513469\" class=\"col medium-4 small-12 large-4\"  >\n\t\t<div class=\"col-inner\"  >\n\t\t\t\n\t\t\t\n\n<h5 class=\"uppercase\">Solicita informaci\u00f3n aqu\u00ed<\/h5>\n\n<div class=\"wpcf7 no-js\" id=\"wpcf7-f453-o1\" lang=\"es-PE\" dir=\"ltr\" data-wpcf7-id=\"453\">\n<div class=\"screen-reader-response\"><p role=\"status\" aria-live=\"polite\" aria-atomic=\"true\"><\/p> <ul><\/ul><\/div>\n<form action=\"\/formacion-academica\/wp-json\/wp\/v2\/pages\/594#wpcf7-f453-o1\" method=\"post\" class=\"wpcf7-form init\" aria-label=\"Contact form\" novalidate=\"novalidate\" data-status=\"init\">\n<div style=\"display: none;\">\n<input type=\"hidden\" name=\"_wpcf7\" value=\"453\" \/>\n<input type=\"hidden\" name=\"_wpcf7_version\" value=\"6.0.6\" \/>\n<input type=\"hidden\" name=\"_wpcf7_locale\" value=\"es_PE\" \/>\n<input type=\"hidden\" name=\"_wpcf7_unit_tag\" value=\"wpcf7-f453-o1\" \/>\n<input type=\"hidden\" name=\"_wpcf7_container_post\" value=\"0\" \/>\n<input type=\"hidden\" name=\"_wpcf7_posted_data_hash\" value=\"\" \/>\n<\/div>\n<div class=\"flex-row form-flat medium-flex-wrap\">\n\t<div class=\"flex-col flex-grow\">\n\t\t<p><span class=\"wpcf7-form-control-wrap\" data-name=\"nombre\"><input size=\"40\" maxlength=\"400\" class=\"wpcf7-form-control wpcf7-text wpcf7-validates-as-required\" aria-required=\"true\" aria-invalid=\"false\" placeholder=\"Nombres\" value=\"\" type=\"text\" name=\"nombre\" \/><\/span><br \/>\n<span class=\"wpcf7-form-control-wrap\" data-name=\"apellido\"><input size=\"40\" maxlength=\"400\" class=\"wpcf7-form-control wpcf7-text wpcf7-validates-as-required\" aria-required=\"true\" aria-invalid=\"false\" placeholder=\"Apellidos\" value=\"\" type=\"text\" name=\"apellido\" \/><\/span><br \/>\n<span class=\"wpcf7-form-control-wrap\" data-name=\"email\"><input size=\"40\" maxlength=\"400\" class=\"wpcf7-form-control wpcf7-email wpcf7-validates-as-required wpcf7-text wpcf7-validates-as-email\" aria-required=\"true\" aria-invalid=\"false\" placeholder=\"Correo electr\u00f3nico\" value=\"\" type=\"email\" name=\"email\" \/><\/span><br \/>\n<span class=\"wpcf7-form-control-wrap\" data-name=\"celular\"><input size=\"40\" maxlength=\"400\" class=\"wpcf7-form-control wpcf7-tel wpcf7-validates-as-required wpcf7-text wpcf7-validates-as-tel\" aria-required=\"true\" aria-invalid=\"false\" placeholder=\"Celular\" value=\"\" type=\"tel\" name=\"celular\" \/><\/span><br \/>\n<span class=\"wpcf7-form-control-wrap\" data-name=\"mensaje\"><textarea cols=\"40\" rows=\"10\" maxlength=\"2000\" class=\"wpcf7-form-control wpcf7-textarea wpcf7-validates-as-required\" aria-required=\"true\" aria-invalid=\"false\" placeholder=\"Ingrese mensaje\" name=\"mensaje\"><\/textarea><\/span>\n\t\t<\/p>\n\t\t<p><input class=\"wpcf7-form-control wpcf7-submit has-spinner button\" type=\"submit\" value=\"Enviar\" \/>\n\t\t<\/p>\n\t<\/div>\n<\/div><div class=\"wpcf7-response-output\" aria-hidden=\"true\"><\/div>\n<\/form>\n<\/div>\n\n\n\n\t\t<\/div>\n\t\t\t<\/div>\n\n\t\n\n<\/div>\n\n\t\t<\/div>\n\n\t\t\n<style>\n#section_846699774 {\n  padding-top: 30px;\n  padding-bottom: 30px;\n}\n<\/style>\n\t<\/section>\n\t\n\t<section class=\"section has-mask mask-arrow\" id=\"section_2053700361\">\n\t\t<div class=\"bg section-bg fill bg-fill bg-loaded bg-loaded\" >\n\n\t\t\t\n\t\t\t<div class=\"section-bg-overlay absolute fill\"><\/div>\n\t\t\t\n\n\t\t<\/div>\n\n\t\t<div class=\"section-content relative\">\n\t\t\t\n\n<div class=\"row row-large align-middle row-divided\"  id=\"row-499224628\">\n\n\n\t<div id=\"col-1872102652\" class=\"col medium-6 small-12 large-6\"  >\n\t\t<div class=\"col-inner text-center\"  >\n\t\t\t\n\t\t\t\n\n\t<div class=\"img has-hover x md-x lg-x y md-y lg-y\" id=\"image_121253975\">\n\t\t\t\t\t\t\t\t<div class=\"img-inner dark\" >\n\t\t\t<img fetchpriority=\"high\" decoding=\"async\" width=\"500\" height=\"500\" src=\"https:\/\/www.cenesamperu.pe\/formacion-academica\/wp-content\/uploads\/2020\/10\/MODALIDAD.png\" class=\"attachment-large size-large\" alt=\"MODALIDAD\" srcset=\"https:\/\/www.cenesamperu.pe\/formacion-academica\/wp-content\/uploads\/2020\/10\/MODALIDAD.png 500w, https:\/\/www.cenesamperu.pe\/formacion-academica\/wp-content\/uploads\/2020\/10\/MODALIDAD-300x300.png 300w, https:\/\/www.cenesamperu.pe\/formacion-academica\/wp-content\/uploads\/2020\/10\/MODALIDAD-150x150.png 150w, https:\/\/www.cenesamperu.pe\/formacion-academica\/wp-content\/uploads\/2020\/10\/MODALIDAD-100x100.png 100w\" sizes=\"(max-width: 500px) 100vw, 500px\" \/>\t\t\t\t\t\t\n\t\t\t\t\t<\/div>\n\t\t\t\t\t\t\t\t\n<style>\n#image_121253975 {\n  width: 60%;\n}\n<\/style>\n\t<\/div>\n\t\n\n\n\t\t<\/div>\n\t\t\t<\/div>\n\n\t\n\n\t<div id=\"col-1076841596\" class=\"col medium-6 small-12 large-6\"  >\n\t\t<div class=\"col-inner text-center\"  >\n\t\t\t\n\t\t\t\n\n<h4 class=\"uppercase\">Descarga el brochure<\/h2>\n<a rel=\"noopener noreferrer\" href=\"https:\/\/cenesamperu.pe\/descargas\/DIPLOMADOS\/SUPERVISION%20FEBRERO%20CENESAM.pdf\" target=\"_blank\" class=\"button primary lowercase\"  style=\"border-radius:10px;\">\n  <i class=\"icon-angle-down\" ><\/i>  <span>Dossier informativo<\/span>\n  <\/a>\n\n\n\n\t\t<\/div>\n\t\t\t<\/div>\n\n\t\n\n<\/div>\n\n\t\t<\/div>\n\n\t\t\n<style>\n#section_2053700361 {\n  padding-top: 60px;\n  padding-bottom: 60px;\n  background-color: rgb(193, 193, 193);\n}\n#section_2053700361 .section-bg-overlay {\n  background-color: rgba(255, 255, 255, 0.85);\n}\n<\/style>\n\t<\/section>\n\t\n\t<section class=\"section\" id=\"section_1418889792\">\n\t\t<div class=\"bg section-bg fill bg-fill bg-loaded bg-loaded\" >\n\n\t\t\t\n\t\t\t\n\t\t\t\n\n\t\t<\/div>\n\n\t\t<div class=\"section-content relative\">\n\t\t\t\n\n\t<div id=\"text-3467861893\" class=\"text\">\n\t\t\n\n<h2 class=\"uppercase\">Nuestros diplomados<\/h2>\n\t\t\n<style>\n#text-3467861893 {\n  text-align: center;\n}\n<\/style>\n\t<\/div>\n\t\n<div class=\"row row-small\"  id=\"row-653959731\">\n\n\n\t<div id=\"col-133102937\" class=\"col medium-3 small-6 large-3\"  >\n\t\t<div class=\"col-inner\"  >\n\t\t\t\n\t\t\t\n\n\t<div class=\"box has-hover   has-hover box-overlay dark box-text-bottom\" >\n\n\t\t<div class=\"box-image\" >\n\t\t\t<a href=\"\/formacion-academica\/seguridad-salud-ocupacional-y-medio-ambiente\"  >\t\t\t<div class=\"image-zoom\" >\n\t\t\t\t<img decoding=\"async\" width=\"500\" height=\"375\" src=\"https:\/\/www.cenesamperu.pe\/formacion-academica\/wp-content\/uploads\/2020\/10\/1-SEGURIDAD.jpg\" class=\"attachment- size-\" alt=\"SEGURIDAD_SALUD_OCUPACIONAL\" srcset=\"https:\/\/www.cenesamperu.pe\/formacion-academica\/wp-content\/uploads\/2020\/10\/1-SEGURIDAD.jpg 500w, https:\/\/www.cenesamperu.pe\/formacion-academica\/wp-content\/uploads\/2020\/10\/1-SEGURIDAD-300x225.jpg 300w\" sizes=\"(max-width: 500px) 100vw, 500px\" \/>\t\t\t\t<div class=\"overlay\" style=\"background-color:1\"><\/div>\t\t\t\t\t\t\t<\/div>\n\t\t\t<\/a>\t\t<\/div>\n\n\t\t<div class=\"box-text text-center\" style=\"background-color:rgba(4, 4, 4, 0.5);\">\n\t\t\t<div class=\"box-text-inner\">\n\t\t\t\t\n\n<h4>Seguridad, salud ocupacional, medio ambiente y calidad <\/h4>\n\n\t\t\t<\/div>\n\t\t<\/div>\n\t<\/div>\n\t\n\n\t\t<\/div>\n\t\t\t<\/div>\n\n\t\n\n\t<div id=\"col-1757883591\" class=\"col medium-3 small-6 large-3\"  >\n\t\t<div class=\"col-inner\"  >\n\t\t\t\n\t\t\t\n\n\t<div class=\"box has-hover   has-hover box-overlay dark box-text-bottom\" >\n\n\t\t<div class=\"box-image\" >\n\t\t\t<a href=\"\/formacion-academica\/gestion-elaboracion-y-evaluacion-de-estudios-de-impacto-ambiental\"  >\t\t\t<div class=\"image-zoom\" >\n\t\t\t\t<img decoding=\"async\" width=\"500\" height=\"375\" src=\"https:\/\/www.cenesamperu.pe\/formacion-academica\/wp-content\/uploads\/2020\/10\/2-GESTION_ELABORACION_Y_EVALUACION_DE_ESTUDIOS_DE_IMPACTO_AMBIENTAL.jpg\" class=\"attachment- size-\" alt=\"GESTION_ELABORACION_Y_EVALUACION_DE_ESTUDIOS_DE_IMPACTO_AMBIENTAL\" srcset=\"https:\/\/www.cenesamperu.pe\/formacion-academica\/wp-content\/uploads\/2020\/10\/2-GESTION_ELABORACION_Y_EVALUACION_DE_ESTUDIOS_DE_IMPACTO_AMBIENTAL.jpg 500w, https:\/\/www.cenesamperu.pe\/formacion-academica\/wp-content\/uploads\/2020\/10\/2-GESTION_ELABORACION_Y_EVALUACION_DE_ESTUDIOS_DE_IMPACTO_AMBIENTAL-300x225.jpg 300w\" sizes=\"(max-width: 500px) 100vw, 500px\" \/>\t\t\t\t<div class=\"overlay\" style=\"background-color:1\"><\/div>\t\t\t\t\t\t\t<\/div>\n\t\t\t<\/a>\t\t<\/div>\n\n\t\t<div class=\"box-text text-center\" style=\"background-color:rgba(4, 4, 4, 0.5);\">\n\t\t\t<div class=\"box-text-inner\">\n\t\t\t\t\n\n<h4>Gesti\u00f3n, elaboraci\u00f3n y evaluaci\u00f3n de estudios de impacto ambiental<\/h4>\n\n\t\t\t<\/div>\n\t\t<\/div>\n\t<\/div>\n\t\n\n\t\t<\/div>\n\t\t\t<\/div>\n\n\t\n\n\t<div id=\"col-481948901\" class=\"col medium-3 small-6 large-3\"  >\n\t\t<div class=\"col-inner\"  >\n\t\t\t\n\t\t\t\n\n\t<div class=\"box has-hover   has-hover box-overlay dark box-text-bottom\" >\n\n\t\t<div class=\"box-image\" >\n\t\t\t<a href=\"\/formacion-academica\/gestion-integral-de-residuos-solidos-y-economia-circular\"  >\t\t\t<div class=\"image-zoom\" >\n\t\t\t\t<img loading=\"lazy\" decoding=\"async\" width=\"500\" height=\"375\" src=\"https:\/\/www.cenesamperu.pe\/formacion-academica\/wp-content\/uploads\/2020\/10\/3-GESTION_INTEGRAL_DE_RESIDUOS_SOLIDOS_Y_ECONOMIA_CIRCULAR.jpg\" class=\"attachment- size-\" alt=\"GESTION_INTEGRAL_DE_RESIDUOS_SOLIDOS_Y_ECONOMIA_CIRCULAR\" srcset=\"https:\/\/www.cenesamperu.pe\/formacion-academica\/wp-content\/uploads\/2020\/10\/3-GESTION_INTEGRAL_DE_RESIDUOS_SOLIDOS_Y_ECONOMIA_CIRCULAR.jpg 500w, https:\/\/www.cenesamperu.pe\/formacion-academica\/wp-content\/uploads\/2020\/10\/3-GESTION_INTEGRAL_DE_RESIDUOS_SOLIDOS_Y_ECONOMIA_CIRCULAR-300x225.jpg 300w\" sizes=\"(max-width: 500px) 100vw, 500px\" \/>\t\t\t\t<div class=\"overlay\" style=\"background-color:1\"><\/div>\t\t\t\t\t\t\t<\/div>\n\t\t\t<\/a>\t\t<\/div>\n\n\t\t<div class=\"box-text text-center\" style=\"background-color:rgba(4, 4, 4, 0.5);\">\n\t\t\t<div class=\"box-text-inner\">\n\t\t\t\t\n\n<h4>Econom\u00eda circular y valorizaci\u00f3n de residuos s\u00f3lidos <\/h4>\n\n\t\t\t<\/div>\n\t\t<\/div>\n\t<\/div>\n\t\n\n\t\t<\/div>\n\t\t\t<\/div>\n\n\t\n\n\t<div id=\"col-282707804\" class=\"col medium-3 small-6 large-3\"  >\n\t\t<div class=\"col-inner\"  >\n\t\t\t\n\t\t\t\n\n\t<div class=\"box has-hover   has-hover box-overlay dark box-text-bottom\" >\n\n\t\t<div class=\"box-image\" >\n\t\t\t<a href=\"\/formacion-academica\/gestion-y-tratamiento-de-aguas-residuales\"  >\t\t\t<div class=\"image-zoom\" >\n\t\t\t\t<img loading=\"lazy\" decoding=\"async\" width=\"500\" height=\"375\" src=\"https:\/\/www.cenesamperu.pe\/formacion-academica\/wp-content\/uploads\/2020\/10\/4-Planta_de_tratamiento_de_aguas_residuales_y_saneamiento.jpg\" class=\"attachment- size-\" alt=\"Planta_de_tratamiento_de_aguas_residuales_y_saneamiento\" srcset=\"https:\/\/www.cenesamperu.pe\/formacion-academica\/wp-content\/uploads\/2020\/10\/4-Planta_de_tratamiento_de_aguas_residuales_y_saneamiento.jpg 500w, https:\/\/www.cenesamperu.pe\/formacion-academica\/wp-content\/uploads\/2020\/10\/4-Planta_de_tratamiento_de_aguas_residuales_y_saneamiento-300x225.jpg 300w\" sizes=\"(max-width: 500px) 100vw, 500px\" \/>\t\t\t\t<div class=\"overlay\" style=\"background-color:1\"><\/div>\t\t\t\t\t\t\t<\/div>\n\t\t\t<\/a>\t\t<\/div>\n\n\t\t<div class=\"box-text text-center\" style=\"background-color:rgba(4, 4, 4, 0.5);\">\n\t\t\t<div class=\"box-text-inner\">\n\t\t\t\t\n\n<h4>Gesti\u00f3n y tratamiento de aguas residuales<\/h4>\n\n\t\t\t<\/div>\n\t\t<\/div>\n\t<\/div>\n\t\n\n\t\t<\/div>\n\t\t\t<\/div>\n\n\t\n\n<\/div>\n<div class=\"row row-small\"  id=\"row-718389960\">\n\n\n\t<div id=\"col-1711430253\" class=\"col medium-3 small-6 large-3\"  >\n\t\t<div class=\"col-inner\"  >\n\t\t\t\n\t\t\t\n\n\t<div class=\"box has-hover   has-hover box-overlay dark box-text-bottom\" >\n\n\t\t<div class=\"box-image\" >\n\t\t\t<a href=\"\/formacion-academica\/monitoreo-de-la-calidad-ambiental-y-ocupacional\"  >\t\t\t<div class=\"image-zoom\" >\n\t\t\t\t<img loading=\"lazy\" decoding=\"async\" width=\"500\" height=\"375\" src=\"https:\/\/www.cenesamperu.pe\/formacion-academica\/wp-content\/uploads\/2020\/10\/5-MONITOREO_AMBIENTAL_Y_OCUPACIONAL.jpg\" class=\"attachment- size-\" alt=\"MONITOREO_AMBIENTAL_Y_OCUPACIONAL\" srcset=\"https:\/\/www.cenesamperu.pe\/formacion-academica\/wp-content\/uploads\/2020\/10\/5-MONITOREO_AMBIENTAL_Y_OCUPACIONAL.jpg 500w, https:\/\/www.cenesamperu.pe\/formacion-academica\/wp-content\/uploads\/2020\/10\/5-MONITOREO_AMBIENTAL_Y_OCUPACIONAL-300x225.jpg 300w\" sizes=\"(max-width: 500px) 100vw, 500px\" \/>\t\t\t\t<div class=\"overlay\" style=\"background-color:1\"><\/div>\t\t\t\t\t\t\t<\/div>\n\t\t\t<\/a>\t\t<\/div>\n\n\t\t<div class=\"box-text text-center\" style=\"background-color:rgba(4, 4, 4, 0.5);\">\n\t\t\t<div class=\"box-text-inner\">\n\t\t\t\t\n\n<h4>Monitoreo de la calidad ambiental y ocupacional<\/h4>\n\n\t\t\t<\/div>\n\t\t<\/div>\n\t<\/div>\n\t\n\n\t\t<\/div>\n\t\t\t<\/div>\n\n\t\n\n\t<div id=\"col-939402875\" class=\"col medium-3 small-6 large-3\"  >\n\t\t<div class=\"col-inner\"  >\n\t\t\t\n\t\t\t\n\n\t<div class=\"box has-hover   has-hover box-overlay dark box-text-bottom\" >\n\n\t\t<div class=\"box-image\" >\n\t\t\t<a href=\"\/formacion-academica\/gestion-y-manejo-de-residuos-solidos-municipales-y-no-municipales\"  >\t\t\t<div class=\"image-zoom\" >\n\t\t\t\t<img loading=\"lazy\" decoding=\"async\" width=\"500\" height=\"375\" src=\"https:\/\/www.cenesamperu.pe\/formacion-academica\/wp-content\/uploads\/2020\/10\/6-GESTION_Y_MANEJO_DE_RESIDUOS_SOLIDOS_MUNICIPALES_Y_NOMUNICIPALES.jpg\" class=\"attachment- size-\" alt=\"GESTION_Y_MANEJO_DE_RESIDUOS_SOLIDOS_MUNICIPALES_Y_NOMUNICIPALES\" srcset=\"https:\/\/www.cenesamperu.pe\/formacion-academica\/wp-content\/uploads\/2020\/10\/6-GESTION_Y_MANEJO_DE_RESIDUOS_SOLIDOS_MUNICIPALES_Y_NOMUNICIPALES.jpg 500w, https:\/\/www.cenesamperu.pe\/formacion-academica\/wp-content\/uploads\/2020\/10\/6-GESTION_Y_MANEJO_DE_RESIDUOS_SOLIDOS_MUNICIPALES_Y_NOMUNICIPALES-300x225.jpg 300w\" sizes=\"(max-width: 500px) 100vw, 500px\" \/>\t\t\t\t<div class=\"overlay\" style=\"background-color:1\"><\/div>\t\t\t\t\t\t\t<\/div>\n\t\t\t<\/a>\t\t<\/div>\n\n\t\t<div class=\"box-text text-center\" style=\"background-color:rgba(4, 4, 4, 0.5);\">\n\t\t\t<div class=\"box-text-inner\">\n\t\t\t\t\n\n<h4>Gesti\u00f3n y manejo de residuos s\u00f3lidos<\/h4>\n\n\t\t\t<\/div>\n\t\t<\/div>\n\t<\/div>\n\t\n\n\t\t<\/div>\n\t\t\t<\/div>\n\n\t\n\n\t<div id=\"col-1995787509\" class=\"col medium-3 small-6 large-3\"  >\n\t\t<div class=\"col-inner\"  >\n\t\t\t\n\t\t\t\n\n\t<div class=\"box has-hover   has-hover box-overlay dark box-text-bottom\" >\n\n\t\t<div class=\"box-image\" >\n\t\t\t<a href=\"\/formacion-academica\/monitoreo-de-la-calidad-ambiental\"  >\t\t\t<div class=\"image-zoom\" >\n\t\t\t\t<img loading=\"lazy\" decoding=\"async\" width=\"500\" height=\"375\" src=\"https:\/\/www.cenesamperu.pe\/formacion-academica\/wp-content\/uploads\/2020\/10\/7-MONITOREO_DE_LA_CALIDAD_AMBIENTAL.jpg\" class=\"attachment- size-\" alt=\"MONITOREO_DE_LA_CALIDAD_AMBIENTAL\" srcset=\"https:\/\/www.cenesamperu.pe\/formacion-academica\/wp-content\/uploads\/2020\/10\/7-MONITOREO_DE_LA_CALIDAD_AMBIENTAL.jpg 500w, https:\/\/www.cenesamperu.pe\/formacion-academica\/wp-content\/uploads\/2020\/10\/7-MONITOREO_DE_LA_CALIDAD_AMBIENTAL-300x225.jpg 300w\" sizes=\"(max-width: 500px) 100vw, 500px\" \/>\t\t\t\t<div class=\"overlay\" style=\"background-color:1\"><\/div>\t\t\t\t\t\t\t<\/div>\n\t\t\t<\/a>\t\t<\/div>\n\n\t\t<div class=\"box-text text-center\" style=\"background-color:rgba(4, 4, 4, 0.5);\">\n\t\t\t<div class=\"box-text-inner\">\n\t\t\t\t\n\n<h4>Monitoreo de la calidad ambiental<\/h4>\n\n\t\t\t<\/div>\n\t\t<\/div>\n\t<\/div>\n\t\n\n\t\t<\/div>\n\t\t\t<\/div>\n\n\t\n\n\t<div id=\"col-2111254284\" class=\"col medium-3 small-6 large-3\"  >\n\t\t<div class=\"col-inner\"  >\n\t\t\t\n\t\t\t\n\n\t<div class=\"box has-hover   has-hover box-overlay dark box-text-bottom\" >\n\n\t\t<div class=\"box-image\" >\n\t\t\t<a href=\"\/formacion-academica\/supervision-en-medio-ambiente\"  >\t\t\t<div class=\"image-zoom\" >\n\t\t\t\t<img loading=\"lazy\" decoding=\"async\" width=\"500\" height=\"375\" src=\"https:\/\/www.cenesamperu.pe\/formacion-academica\/wp-content\/uploads\/2020\/10\/8-SUPERVISION_EN_MEDIO_AMBIENTE.jpg\" class=\"attachment- size-\" alt=\"SUPERVISION_EN_MEDIO_AMBIENTE\" srcset=\"https:\/\/www.cenesamperu.pe\/formacion-academica\/wp-content\/uploads\/2020\/10\/8-SUPERVISION_EN_MEDIO_AMBIENTE.jpg 500w, https:\/\/www.cenesamperu.pe\/formacion-academica\/wp-content\/uploads\/2020\/10\/8-SUPERVISION_EN_MEDIO_AMBIENTE-300x225.jpg 300w\" sizes=\"(max-width: 500px) 100vw, 500px\" \/>\t\t\t\t<div class=\"overlay\" style=\"background-color:1\"><\/div>\t\t\t\t\t\t\t<\/div>\n\t\t\t<\/a>\t\t<\/div>\n\n\t\t<div class=\"box-text text-center\" style=\"background-color:rgba(4, 4, 4, 0.5);\">\n\t\t\t<div class=\"box-text-inner\">\n\t\t\t\t\n\n<h4>Supervisi\u00f3n en medio ambiente<\/h4>\n\n\t\t\t<\/div>\n\t\t<\/div>\n\t<\/div>\n\t\n\n\t\t<\/div>\n\t\t\t<\/div>\n\n\t\n\n<\/div>\n\n\n\t\t<\/div>\n\n\t\t\n<style>\n#section_1418889792 {\n  padding-top: 30px;\n  padding-bottom: 30px;\n}\n<\/style>\n\t<\/section>\n\t\n\n","protected":false},"excerpt":{"rendered":"","protected":false},"author":1,"featured_media":0,"parent":0,"menu_order":0,"comment_status":"closed","ping_status":"closed","template":"page-blank.php","meta":{"footnotes":""},"class_list":["post-594","page","type-page","status-publish","hentry"],"_links":{"self":[{"href":"https:\/\/www.cenesamperu.pe\/formacion-academica\/wp-json\/wp\/v2\/pages\/594","targetHints":{"allow":["GET"]}}],"collection":[{"href":"https:\/\/www.cenesamperu.pe\/formacion-academica\/wp-json\/wp\/v2\/pages"}],"about":[{"href":"https:\/\/www.cenesamperu.pe\/formacion-academica\/wp-json\/wp\/v2\/types\/page"}],"author":[{"embeddable":true,"href":"https:\/\/www.cenesamperu.pe\/formacion-academica\/wp-json\/wp\/v2\/users\/1"}],"replies":[{"embeddable":true,"href":"https:\/\/www.cenesamperu.pe\/formacion-academica\/wp-json\/wp\/v2\/comments?post=594"}],"version-history":[{"count":7,"href":"https:\/\/www.cenesamperu.pe\/formacion-academica\/wp-json\/wp\/v2\/pages\/594\/revisions"}],"predecessor-version":[{"id":1929,"href":"https:\/\/www.cenesamperu.pe\/formacion-academica\/wp-json\/wp\/v2\/pages\/594\/revisions\/1929"}],"wp:attachment":[{"href":"https:\/\/www.cenesamperu.pe\/formacion-academica\/wp-json\/wp\/v2\/media?parent=594"}],"curies":[{"name":"wp","href":"https:\/\/api.w.org\/{rel}","templated":true}]}}